{"id":1928,"date":"2025-11-04T13:04:41","date_gmt":"2025-11-04T13:04:41","guid":{"rendered":"https:\/\/autohaus-lynk.com\/?post_type=product&#038;p=1928"},"modified":"2025-12-05T19:51:05","modified_gmt":"2025-12-05T19:51:05","slug":"fiat-500c-0-9-8v-twinair-lounge-c-ss","status":"publish","type":"product","link":"https:\/\/autohaus-lynk.com\/index.php\/produit\/fiat-500c-0-9-8v-twinair-lounge-c-ss\/","title":{"rendered":"Fiat 500C 0.9 8V TwinAir Lounge C S&amp;S"},"content":{"rendered":"<div class=\"vehicleFeatures row-fluid\">\n<h4><span dir=\"auto\">\u00e9quipement<\/span><\/h4>\n<div class=\"span6\">\n<ul>\n<li><span dir=\"auto\">ABS<\/span><\/li>\n<li><span dir=\"auto\">Apple CarPlay<\/span><\/li>\n<li><span dir=\"auto\">Aide au d\u00e9marrage en c\u00f4te<\/span><\/li>\n<li><span dir=\"auto\">Bluetooth<\/span><\/li>\n<li><span dir=\"auto\">Ordinateur de bord<\/span><\/li>\n<li><span dir=\"auto\">l\u00e8ve-vitre \u00e9lectrique<\/span><\/li>\n<li><span dir=\"auto\">R\u00e9troviseurs lat\u00e9raux \u00e9lectriques<\/span><\/li>\n<li><span dir=\"auto\">ESP<\/span><\/li>\n<li><span dir=\"auto\">Syst\u00e8me mains libres<\/span><\/li>\n<\/ul>\n<\/div>\n<div class=\"span6\">\n<ul>\n<li><span dir=\"auto\">garantie<\/span><\/li>\n<li><span dir=\"auto\">Limiteur de vitesse<\/span><\/li>\n<li><span dir=\"auto\">Isofix<\/span><\/li>\n<li><span dir=\"auto\">Feux de virage<\/span><\/li>\n<li><span dir=\"auto\">volant en cuir<\/span><\/li>\n<li><span dir=\"auto\">Feux de jour \u00e0 LED<\/span><\/li>\n<li><span dir=\"auto\">jantes en alliage<\/span><\/li>\n<li><span dir=\"auto\">Volant multifonction<\/span><\/li>\n<li><span dir=\"auto\">Pr\u00e9paration \u00e0 la navigation<\/span><\/li>\n<\/ul>\n<\/div>\n<div class=\"span6\">\n<ul>\n<li><span dir=\"auto\">phares antibrouillard<\/span><\/li>\n<li><span dir=\"auto\">V\u00e9hicule non-fumeur<\/span><\/li>\n<li><span dir=\"auto\">assistance au freinage d&#8217;urgence<\/span><\/li>\n<li><span dir=\"auto\">Kit de d\u00e9pannage<\/span><\/li>\n<li><span dir=\"auto\">syst\u00e8me de surveillance de la pression des pneus<\/span><\/li>\n<li><span dir=\"auto\">Historique d&#8217;entretien complet<\/span><\/li>\n<li><span dir=\"auto\">toit ouvrant<\/span><\/li>\n<li><span dir=\"auto\">direction assist\u00e9e<\/span><\/li>\n<li><span dir=\"auto\">pneus d&#8217;\u00e9t\u00e9<\/span><\/li>\n<\/ul>\n<\/div>\n<div class=\"span6\">\n<ul>\n<li><span dir=\"auto\">commande vocale<\/span><\/li>\n<li><span dir=\"auto\">Syst\u00e8me de d\u00e9marrage\/arr\u00eat<\/span><\/li>\n<li><span dir=\"auto\">r\u00e9gulateur de vitesse<\/span><\/li>\n<li><span dir=\"auto\">\u00e9cran tactile<\/span><\/li>\n<li><span dir=\"auto\">Contr\u00f4le de traction<\/span><\/li>\n<li><span dir=\"auto\">Tuner\/Radio<\/span><\/li>\n<li><span dir=\"auto\">USB<\/span><\/li>\n<li><span dir=\"auto\">pneus d&#8217;hiver<\/span><\/li>\n<li><span dir=\"auto\">Verrouillage centralis\u00e9<\/span><\/li>\n<\/ul>\n<\/div>\n<\/div>\n<div class=\"clearfix\"><\/div>\n<div class=\"vehicleDescription row-fluid\">\n<h4><span dir=\"auto\">Description du v\u00e9hicule<\/span><\/h4>\n<div class=\"span22\"><b><span dir=\"auto\">\u00c9quipements optionnels\u00a0:<\/span><\/b><br \/>\n<span dir=\"auto\">Pack Connect, \u00e9cran de contr\u00f4le avec \u00e9cran couleur TFT, aide au stationnement \u00e9lectronique, pack Confort, jantes alliage 6,5&#215;16 (20 rayons doubles, noir diamant), pack Lounge, peinture m\u00e9tallis\u00e9e, roue de secours, roue de secours de taille normale, d\u00e9flecteur de vent .<\/span><b><span dir=\"auto\">\u00c9quipements suppl\u00e9mentaires\u00a0:<\/span><\/b><br \/>\n<span dir=\"auto\">Airbags conducteur et passager, embout d\u2019\u00e9chappement chrom\u00e9, allumage automatique des phares (Follow Me Home), verrouillage automatique des portes, r\u00e9troviseurs ext\u00e9rieurs r\u00e9glables \u00e9lectriquement couleur carrosserie, d\u00e9sactivation de l\u2019airbag passager, ordinateur de bord, r\u00e9partition \u00e9lectronique du freinage, assistance au freinage d\u2019urgence, toit ouvrant \u00e9lectrique, encadrement de vitres chrom\u00e9, limiteur de vitesse, pr\u00e9tensionneurs de ceintures de s\u00e9curit\u00e9 avant, lunette arri\u00e8re d\u00e9givrante, aileron arri\u00e8re, fixations Isofix pour si\u00e8ges enfant \u00e0 l\u2019arri\u00e8re, carrosserie\u00a0: 2 portes, airbag genoux conducteur, airbags rideaux avant, airbags rideaux avant et arri\u00e8re, calandre chrom\u00e9e, colonne de direction r\u00e9glable en hauteur, restylage, 0,9\u00a0L. &#8211; Moteur de 63 kW avec pot catalytique, m\u00e9morisation de la position du si\u00e8ge passager, syst\u00e8me de surveillance de la pression des pneus, banquette arri\u00e8re rabattable, faibles \u00e9missions selon la norme Euro 6, airbags lat\u00e9raux avant, syst\u00e8me Start\/Stop, prise 12 V sur le tableau de bord, prise 12 V \u00e0 l&#8217;avant, pare-chocs couleur carrosserie, bouchon de r\u00e9servoir de carburant verrouillable, poign\u00e9es de porte ext\u00e9rieures chrom\u00e9es, vitrage athermique<\/span><\/p>\n<\/div>\n<\/div>\n","protected":false},"excerpt":{"rendered":"<p class=\"p2\"><b>Cabriolet\/Roadster<\/b><\/p>\n<p class=\"p2\">Premi\u00e8re immatriculation :<span class=\"Apple-converted-space\">\u00a0 <\/span>juin 2018,<\/p>\n<p class=\"p2\">Kilom\u00e9trage : 53\u00a0000 km,<\/p>\n<p class=\"p2\">Carburant :<span class=\"Apple-converted-space\">\u00a0 <\/span>essence, compatible E10,<\/p>\n<p class=\"p2\">Puissance :<span class=\"Apple-converted-space\">\u00a0 <\/span>63 kW (86 ch),<\/p>\n<p class=\"p2\">Transmission : Bo\u00eete manuelle<\/p>\n","protected":false},"featured_media":1930,"template":"","meta":{"_monsterinsights_skip_tracking":false,"_monsterinsights_sitenote_active":false,"_monsterinsights_sitenote_note":"","_monsterinsights_sitenote_category":0},"product_brand":[],"product_cat":[15],"product_tag":[],"class_list":{"0":"post-1928","1":"product","2":"type-product","3":"status-publish","4":"has-post-thumbnail","6":"product_cat-non-classe","8":"first","9":"instock","10":"shipping-taxable","11":"purchasable","12":"product-type-simple"},"aioseo_notices":[],"jetpack_sharing_enabled":true,"_links":{"self":[{"href":"https:\/\/autohaus-lynk.com\/index.php\/wp-json\/wp\/v2\/product\/1928","targetHints":{"allow":["GET"]}}],"collection":[{"href":"https:\/\/autohaus-lynk.com\/index.php\/wp-json\/wp\/v2\/product"}],"about":[{"href":"https:\/\/autohaus-lynk.com\/index.php\/wp-json\/wp\/v2\/types\/product"}],"wp:featuredmedia":[{"embeddable":true,"href":"https:\/\/autohaus-lynk.com\/index.php\/wp-json\/wp\/v2\/media\/1930"}],"wp:attachment":[{"href":"https:\/\/autohaus-lynk.com\/index.php\/wp-json\/wp\/v2\/media?parent=1928"}],"wp:term":[{"taxonomy":"product_brand","embeddable":true,"href":"https:\/\/autohaus-lynk.com\/index.php\/wp-json\/wp\/v2\/product_brand?post=1928"},{"taxonomy":"product_cat","embeddable":true,"href":"https:\/\/autohaus-lynk.com\/index.php\/wp-json\/wp\/v2\/product_cat?post=1928"},{"taxonomy":"product_tag","embeddable":true,"href":"https:\/\/autohaus-lynk.com\/index.php\/wp-json\/wp\/v2\/product_tag?post=1928"}],"curies":[{"name":"wp","href":"https:\/\/api.w.org\/{rel}","templated":true}]}}